highest common factor of 392197 and 13.
13
What is the greatest common divisor of 183 and 20435?
61
What is the greatest common divisor of 11356 and 544?
68
What is the highest common factor of 11580 and 135?
15
What is the greatest common divisor of 554421 and 357?
357
Calculate the highest common factor of 5409 and 5931.
9
Calculate the highest common factor of 398 and 132733.
199
Calculate the greatest common divisor of 270204 and 8556.
276
What is the greatest common divisor of 920 and 8096?
184
What is the greatest common factor of 605 and 205579?
121
Calculate the highest common divisor of 10146 and 114.
114
Calculate the greatest common factor of 41097 and 2472.
309
Calculate the greatest common factor of 1148 and 1946.
14
Calculate the greatest common factor of 238 and 8129366.
238
What is the highest common factor of 2057 and 41261?
121
Calculate the highest common factor of 11592 and 33544.
56
Calculate the highest common factor of 19012 and 30264.
388
Calculate the highest common divisor of 3496977 and 198.
99
What is the highest common factor of 1534 and 32903?
13
Calculate the greatest common factor of 13 and 48503.
13
Calculate the greatest common divisor of 85522 and 610.
122
What is the greatest common divisor of 594301 and 95?
19
What is the greatest common divisor of 300 and 7395?
15
What is the highest common divisor of 251553 and 71?
71
Calculate the greatest common factor of 165 and 4917.
33
Calculate the greatest common factor of 7047 and 9918.
261
Calculate the greatest common divisor of 1400 and 2625.
175
Calculate the greatest common divisor of 7535 and 4565.
55
Calculate the greatest common divisor of 46221 and 73563.
651
What is the greatest common divisor of 189426 and 5061?
723
Calculate the highest common factor of 17350 and 1450.
50
Calculate the greatest common divisor of 13 and 11350417.
13
What is the greatest common factor of 885635 and 5?
5
Calculate the highest common factor of 63 and 3747.
3
Calculate the greatest common factor of 456 and 66648.
24
Calculate the highest common factor of 245485 and 145.
145
Calculate the greatest common divisor of 129 and 74433.
129
Calculate the greatest common divisor of 33 and 77055.
33
Calculate the greatest common factor of 227439 and 666.
333
What is the greatest common factor of 27412 and 2772?
308
What is the highest common factor of 439 and 837173?
439
Calculate the highest common divisor of 935 and 70873.
187
What is the greatest common divisor of 12725 and 675?
25
What is the greatest common factor of 9392 and 2512?
16
Calculate the greatest common divisor of 5817 and 1176696.
831
What is the highest common divisor of 396 and 82148?
44
What is the highest common factor of 120 and 566400?
120
Calculate the greatest common divisor of 1752 and 273768.
24
What is the greatest common factor of 113640 and 168?
24
What is the greatest common divisor of 190778 and 28?
14
What is the highest common divisor of 345060 and 60?
60
Calculate the greatest common divisor of 296 and 97088.
296
What is the greatest common divisor of 2736 and 3096?
72
Calculate the greatest common factor of 1467 and 981097.
163
Calculate the greatest common divisor of 41288 and 156.
52
Calculate the highest common divisor of 16 and 566.
2
Calculate the greatest common factor of 121 and 85591.
11
What is the highest common factor of 235221 and 644?
161
Calculate the highest common factor of 159439 and 7.
7
What is the highest common factor of 32220 and 108?
36
Calculate the highest common factor of 6 and 16386.
6
Calculate the highest common divisor of 433300 and 2240.
140
Calculate the highest common factor of 50 and 38050.
50
What is the highest common factor of 610170 and 5590?
430
Calculate the highest common factor of 3 and 6144.
3
What is the greatest common factor of 140 and 256?
4
What is the greatest common divisor of 24 and 48344?
8
What is the highest common factor of 90219 and 6?
3
What is the greatest common factor of 870 and 34452?
174
Calculate the greatest common factor of 7 and 191985.
1
Calculate the greatest common divisor of 430 and 205282.
86
Calculate the highest common factor of 62623 and 253.
11
Calculate the greatest common factor of 21438 and 75430.
794
What is the highest common factor of 126 and 486318?
42
Calculate the greatest common factor of 88 and 1971992.
88
What is the greatest common factor of 1158 and 59251?
193
Calculate the greatest common factor of 203952 and 28.
28
What is the greatest common factor of 371 and 189?
7
What is the greatest common divisor of 453603 and 3?
3
What is the highest common factor of 1043 and 5691?
7
Calculate the greatest common divisor of 113072 and 128.
16
What is the greatest common factor of 3011475 and 45?
15
Calculate the greatest common divisor of 45441 and 306.
153
Calculate the highest common factor of 279 and 10437111.
279
What is the highest common factor of 906 and 150?
6
Calculate the greatest common factor of 3820 and 371304.
764
Calculate the highest common divisor of 551 and 518491.
551
Calculate the greatest common divisor of 68 and 1748.
4
Calculate the highest common divisor of 284 and 704.
4
Calculate the highest common divisor of 14 and 1568686.
14
Calculate the highest common divisor of 3464860 and 280.
140
What is the highest common divisor of 511770 and 210?
210
Calculate the greatest common divisor of 317638 and 5302.
482
What is the greatest common divisor of 30 and 91095?
15
What is the highest common factor of 894980 and 1095?
365
Calculate the highest common factor of 62159 and 244.
61
What is the greatest common factor of 24 and 3272?
8
Calculate the greatest common divisor of 211227 and 9.
3
What is the highest common factor of 106572 and 12626?
214
What is the highest common divisor of 48332 and 258?
86
What is the greatest common divisor of 4199 and 187?
17
What is the highest common divisor of 8430 and 3330?
30
Calculate the highest common divisor of 174144 and 72.
24
What is the highest common divisor of 88060 and 30044?
1036
Calculate the greatest common divisor of 80 and 6920.
40
What is the highest common divisor of 3582860 and 20?
20
Calculate the greatest common divisor of 35 and 56735.
35
Calculate the highest common divisor of 407 and 29933.
37
Calculate the greatest common factor of 135 and 6673455.
135
Calculate the greatest common divisor of 5848 and 1183016.
344
What is the greatest common factor of 2939629 and 14?
7
Calculate the highest common factor of 237645 and 315.
45
What is the greatest common factor of 725 and 3712?
29
What is the greatest common factor of 104 and 614276?
52
Calculate the greatest common divisor of 1224 and 1152600.
408
Calculate the greatest common divisor of 13237 and 60109.
217
Calculate the highest common divisor of 71903 and 5.
1
Calculate the greatest common factor of 140653 and 344.
43
Calculate the highest common divisor of 8001543 and 66.
33
What is the greatest common factor of 32 and 4532?
4
Calculate the greatest common divisor of 24209 and 1591.
43
Calculate the highest common divisor of 850824 and 404.
404
Calculate the greatest common divisor of 64943 and 63014.
643
What is the highest common factor of 1060 and 389603?
53
What is the highest common factor of 92 and 3394777?
23
What is the highest common divisor of 4750 and 130?
10
What is the greatest common factor of 179424 and 1629?
9
What is the highest common divisor of 2749 and 9?
1
What is the greatest common factor of 7253636 and 26?
26
What is the highest common divisor of 3638 and 68?
34
Calculate the highest common factor of 296 and 90539.
37
What is the greatest common factor of 1686735 and 30?
15
What is the highest common divisor of 1456 and 106496?
208
Calculate the greatest common factor of 188916 and 3640.
364
Calculate the greatest common factor of 546 and 17927.
91
Calculate the greatest common factor of 679 and 1960273.
679
What is the greatest common divisor of 14 and 590093?
7
Calculate the highest common divisor of 108 and 569862.
54
Calculate the highest common divisor of 1075 and 11309.
43
What is the greatest common factor of 664003 and 417?
139
What is the highest common factor of 4693 and 47177?
247
What is the greatest common factor of 70780 and 20?
20
What is the gr